{"id":1732,"date":"2020-10-01T15:18:20","date_gmt":"2020-10-01T15:18:20","guid":{"rendered":"https:\/\/mamadevelop.env.ennismore.com\/rennes\/meeting-events\/meetings-events-activites\/"},"modified":"2022-08-05T08:49:36","modified_gmt":"2022-08-05T08:49:36","slug":"meetings-events-activites","status":"publish","type":"page","link":"https:\/\/fr.mamadevelop.env.ennismore.com\/rennes\/meetings-events\/meetings-events-activites\/","title":{"rendered":"Meetings &amp; Events &#8211; Activit\u00e9s"},"content":{"rendered":"","protected":false},"excerpt":{"rendered":"","protected":false},"author":6,"featured_media":0,"parent":1560,"menu_order":12,"comment_status":"closed","ping_status":"closed","template":"","meta":{"footnotes":""},"class_list":["post-1732","page","type-page","status-publish","hentry"],"acf":[],"yoast_head":"<!-- This site is optimized with the Yoast SEO plugin v20.13 - https:\/\/yoast.com\/wordpress\/plugins\/seo\/ -->\n<title>Organisez des activit\u00e9s pour vos s\u00e9minaires \u00e0 Rennes | Mama Shelter<\/title>\n<meta name=\"description\" content=\"Mama adore les activit\u00e9s de coh\u00e9sion et d&#039;esprit d&#039;\u00e9quipe. D\u00e9couvrez notre s\u00e9lection unique pour pimenter votre journ\u00e9e d&#039;excursion.\" \/>\n<meta name=\"robots\" content=\"index, follow, max-snippet:-1, max-image-preview:large, max-video-preview:-1\" \/>\n<link rel=\"canonical\" href=\"https:\/\/fr.mamadevelop.env.ennismore.com\/rennes\/meetings-events\/meetings-events-activites\/\" \/>\n<meta property=\"og:locale\" content=\"fr_FR\" \/>\n<meta property=\"og:type\" content=\"article\" \/>\n<meta property=\"og:title\" content=\"Organisez des activit\u00e9s pour vos s\u00e9minaires \u00e0 Rennes | Mama Shelter\" \/>\n<meta property=\"og:description\" content=\"Mama adore les activit\u00e9s de coh\u00e9sion et d&#039;esprit d&#039;\u00e9quipe. D\u00e9couvrez notre s\u00e9lection unique pour pimenter votre journ\u00e9e d&#039;excursion.\" \/>\n<meta property=\"og:url\" content=\"https:\/\/fr.mamadevelop.env.ennismore.com\/rennes\/meetings-events\/meetings-events-activites\/\" \/>\n<meta property=\"og:site_name\" content=\"Rennes\" \/>\n<meta property=\"article:modified_time\" content=\"2022-08-05T08:49:36+00:00\" \/>\n<meta name=\"twitter:card\" content=\"summary_large_image\" \/>\n<script type=\"application\/ld+json\" class=\"yoast-schema-graph\">{\"@context\":\"https:\/\/schema.org\",\"@graph\":[{\"@type\":\"WebPage\",\"@id\":\"https:\/\/fr.mamadevelop.env.ennismore.com\/rennes\/meetings-events\/meetings-events-activites\/\",\"url\":\"https:\/\/fr.mamadevelop.env.ennismore.com\/rennes\/meetings-events\/meetings-events-activites\/\",\"name\":\"Organisez des activit\u00e9s pour vos s\u00e9minaires \u00e0 Rennes | Mama Shelter\",\"isPartOf\":{\"@id\":\"https:\/\/fr.mamadevelop.env.ennismore.com\/rennes\/#website\"},\"datePublished\":\"2020-10-01T15:18:20+00:00\",\"dateModified\":\"2022-08-05T08:49:36+00:00\",\"description\":\"Mama adore les activit\u00e9s de coh\u00e9sion et d'esprit d'\u00e9quipe. D\u00e9couvrez notre s\u00e9lection unique pour pimenter votre journ\u00e9e d'excursion.\",\"breadcrumb\":{\"@id\":\"https:\/\/fr.mamadevelop.env.ennismore.com\/rennes\/meetings-events\/meetings-events-activites\/#breadcrumb\"},\"inLanguage\":\"fr-FR\",\"potentialAction\":[{\"@type\":\"ReadAction\",\"target\":[\"https:\/\/fr.mamadevelop.env.ennismore.com\/rennes\/meetings-events\/meetings-events-activites\/\"]}]},{\"@type\":\"BreadcrumbList\",\"@id\":\"https:\/\/fr.mamadevelop.env.ennismore.com\/rennes\/meetings-events\/meetings-events-activites\/#breadcrumb\",\"itemListElement\":[{\"@type\":\"ListItem\",\"position\":1,\"name\":\"Home\",\"item\":\"https:\/\/fr.mamadevelop.env.ennismore.com\/rennes\/\"},{\"@type\":\"ListItem\",\"position\":2,\"name\":\"Meetings &#038; events\",\"item\":\"https:\/\/fr.mamadevelop.env.ennismore.com\/rennes\/meetings-events\/\"},{\"@type\":\"ListItem\",\"position\":3,\"name\":\"Meetings &amp; Events &#8211; Activit\u00e9s\"}]},{\"@type\":\"WebSite\",\"@id\":\"https:\/\/fr.mamadevelop.env.ennismore.com\/rennes\/#website\",\"url\":\"https:\/\/fr.mamadevelop.env.ennismore.com\/rennes\/\",\"name\":\"Rennes\",\"description\":\"Mama Shelter\",\"potentialAction\":[{\"@type\":\"SearchAction\",\"target\":{\"@type\":\"EntryPoint\",\"urlTemplate\":\"https:\/\/fr.mamadevelop.env.ennismore.com\/rennes\/?s={search_term_string}\"},\"query-input\":\"required name=search_term_string\"}],\"inLanguage\":\"fr-FR\"}]}<\/script>\n<!-- \/ Yoast SEO plugin. -->","yoast_head_json":{"title":"Organisez des activit\u00e9s pour vos s\u00e9minaires \u00e0 Rennes | Mama Shelter","description":"Mama adore les activit\u00e9s de coh\u00e9sion et d'esprit d'\u00e9quipe. D\u00e9couvrez notre s\u00e9lection unique pour pimenter votre journ\u00e9e d'excursion.","robots":{"index":"index","follow":"follow","max-snippet":"max-snippet:-1","max-image-preview":"max-image-preview:large","max-video-preview":"max-video-preview:-1"},"canonical":"https:\/\/fr.mamadevelop.env.ennismore.com\/rennes\/meetings-events\/meetings-events-activites\/","og_locale":"fr_FR","og_type":"article","og_title":"Organisez des activit\u00e9s pour vos s\u00e9minaires \u00e0 Rennes | Mama Shelter","og_description":"Mama adore les activit\u00e9s de coh\u00e9sion et d'esprit d'\u00e9quipe. D\u00e9couvrez notre s\u00e9lection unique pour pimenter votre journ\u00e9e d'excursion.","og_url":"https:\/\/fr.mamadevelop.env.ennismore.com\/rennes\/meetings-events\/meetings-events-activites\/","og_site_name":"Rennes","article_modified_time":"2022-08-05T08:49:36+00:00","twitter_card":"summary_large_image","schema":{"@context":"https:\/\/schema.org","@graph":[{"@type":"WebPage","@id":"https:\/\/fr.mamadevelop.env.ennismore.com\/rennes\/meetings-events\/meetings-events-activites\/","url":"https:\/\/fr.mamadevelop.env.ennismore.com\/rennes\/meetings-events\/meetings-events-activites\/","name":"Organisez des activit\u00e9s pour vos s\u00e9minaires \u00e0 Rennes | Mama Shelter","isPartOf":{"@id":"https:\/\/fr.mamadevelop.env.ennismore.com\/rennes\/#website"},"datePublished":"2020-10-01T15:18:20+00:00","dateModified":"2022-08-05T08:49:36+00:00","description":"Mama adore les activit\u00e9s de coh\u00e9sion et d'esprit d'\u00e9quipe. D\u00e9couvrez notre s\u00e9lection unique pour pimenter votre journ\u00e9e d'excursion.","breadcrumb":{"@id":"https:\/\/fr.mamadevelop.env.ennismore.com\/rennes\/meetings-events\/meetings-events-activites\/#breadcrumb"},"inLanguage":"fr-FR","potentialAction":[{"@type":"ReadAction","target":["https:\/\/fr.mamadevelop.env.ennismore.com\/rennes\/meetings-events\/meetings-events-activites\/"]}]},{"@type":"BreadcrumbList","@id":"https:\/\/fr.mamadevelop.env.ennismore.com\/rennes\/meetings-events\/meetings-events-activites\/#breadcrumb","itemListElement":[{"@type":"ListItem","position":1,"name":"Home","item":"https:\/\/fr.mamadevelop.env.ennismore.com\/rennes\/"},{"@type":"ListItem","position":2,"name":"Meetings &#038; events","item":"https:\/\/fr.mamadevelop.env.ennismore.com\/rennes\/meetings-events\/"},{"@type":"ListItem","position":3,"name":"Meetings &amp; Events &#8211; Activit\u00e9s"}]},{"@type":"WebSite","@id":"https:\/\/fr.mamadevelop.env.ennismore.com\/rennes\/#website","url":"https:\/\/fr.mamadevelop.env.ennismore.com\/rennes\/","name":"Rennes","description":"Mama Shelter","potentialAction":[{"@type":"SearchAction","target":{"@type":"EntryPoint","urlTemplate":"https:\/\/fr.mamadevelop.env.ennismore.com\/rennes\/?s={search_term_string}"},"query-input":"required name=search_term_string"}],"inLanguage":"fr-FR"}]}},"_links":{"self":[{"href":"https:\/\/fr.mamadevelop.env.ennismore.com\/rennes\/wp-json\/wp\/v2\/pages\/1732","targetHints":{"allow":["GET"]}}],"collection":[{"href":"https:\/\/fr.mamadevelop.env.ennismore.com\/rennes\/wp-json\/wp\/v2\/pages"}],"about":[{"href":"https:\/\/fr.mamadevelop.env.ennismore.com\/rennes\/wp-json\/wp\/v2\/types\/page"}],"author":[{"embeddable":true,"href":"https:\/\/fr.mamadevelop.env.ennismore.com\/rennes\/wp-json\/wp\/v2\/users\/6"}],"replies":[{"embeddable":true,"href":"https:\/\/fr.mamadevelop.env.ennismore.com\/rennes\/wp-json\/wp\/v2\/comments?post=1732"}],"version-history":[{"count":0,"href":"https:\/\/fr.mamadevelop.env.ennismore.com\/rennes\/wp-json\/wp\/v2\/pages\/1732\/revisions"}],"up":[{"embeddable":true,"href":"https:\/\/fr.mamadevelop.env.ennismore.com\/rennes\/wp-json\/wp\/v2\/pages\/1560"}],"wp:attachment":[{"href":"https:\/\/fr.mamadevelop.env.ennismore.com\/rennes\/wp-json\/wp\/v2\/media?parent=1732"}],"curies":[{"name":"wp","href":"https:\/\/api.w.org\/{rel}","templated":true}]}}